*m**2 - 8*m + 12. Determine o(5).
-103
Let c(d) = -d**2 + 22. Calculate c(0).
22
Let r(q) = q**3 + 15*q**2 + 44*q - 9. Give r(-11).
-9
Let t(r) = -30*r + 147. Determine t(5).
-3
Let l(a) = 2*a**2 + 3*a + 5. Determine l(7).
124
Let x(l) = -l**2 - 13*l + 14. Determine x(-12).
26
Let v(k) = 14*k - 91. Give v(7).
7
Let n(h) = h**2 + 12*h + 3. Determine n(-7).
-32
Let k(z) = -2*z**2 - 29*z + 28. Give k(-15).
13
Let c(i) = -i**2 - 2*i + 5. Determine c(4).
-19
Let d(s) = -s**2 - 7*s + 4. What is d(-8)?
-4
Let u(k) = k**2 + 17*k - 95. What is u(-22)?
15
Let k(t) = -t**3 - 15*t**2 + 22*t + 87. Calculate k(-16).
-9
Let s(u) = u + 17. What is s(-3)?
14
Let n(w) = -w**3 + 13*w**2 + 8*w + 32. Determine n(14).
-52
Let h(u) = u + 12. Determine h(9).
21
Let x(h) = -h**3 + 11*h**2 - 5*h + 4. Determine x(10).
54
Let k(w) = 32*w + 40. Give k(0).
40
Let z(k) = 3*k**2 + 45*k + 17. What is z(-15)?
17
Let c(p) = -2*p**2 - 42*p - 82. Give c(-19).
-6
Let t(h) = 19*h**3 - 2*h + 1. Calculate t(1).
18
Let u(x) = 7*x - 22. Calculate u(-3).
-43
Let r(c) = -c**2 - 3*c + 6. Calculate r(-6).
-12
Let m(s) = 2*s**3 + 5*s**2 + 4*s + 13. What is m(-4)?
-51
Let i(v) = 10*v - 291. Determine i(28).
-11
Let h(m) = 3*m**3 - 2*m**2 + 3*m - 2. Give h(1).
2
Let j(l) = -l**2 + 11*l + 2. Determine j(8).
26
Let u(j) = -j**3 - 3*j**2 - 3*j + 1. Give u(-3).
10
Let m(w) = -4*w**2 + 29*w - 48. Determine m(4).
4
Let u(s) = -3*s**3 - 2*s**2 + 4*s + 2. Determine u(3).
-85
Let n(r) = -r**2 - 12*r - 35. Determine n(-7).
0
Let r(o) = o**3 - 8*o**2 - 9*o + 12. Give r(9).
12
Let h(k) = -k**2 + 2*k. Determine h(5).
-15
Let x(z) = -3*z + 9. Calculate x(5).
-6
Let j(p) = 8*p + 99. What is j(-14)?
-13
Let o(h) = 3*h**3 - 3*h - 2. Give o(-1).
-2
Let l(v) = -v**3 - 5*v**2 + 14*v + 16. Calculate l(-7).
16
Let x(f) = -f**3 + 7*f**2 + 6*f - 12. What is x(8)?
-28
Let u(l) = 10*l**2 - 6*l - 1. Calculate u(3).
71
Let u(a) = -a**2 + 19*a. Give u(15).
60
Let s(d) = -d**3 + 14*d**2 - 14*d + 3. Calculate s(13).
-10
Let l(t) = t**3 + 7*t**2 + 9*t + 13. Give l(-5).
18
Let g(m) = -22*m + 122. What is g(7)?
-32
Let n(o) = -o**3 + 41*o**2 - 41*o + 35. Give n(40).
-5
Let o(n) = 5*n - 114. Calculate o(21).
-9
Let c(t) = 11*t - 73. What is c(5)?
-18
Let k(p) = -p**3 - 6*p**2 - 8*p - 16. What is k(-5)?
-1
Let p(i) = -i**3 - 52*i**2 - 102*i - 105. Determine p(-50).
-5
Let p(r) = -r**2 + 6*r + 16. Calculate p(8).
0
Let j(m) = -13*m + 174. Determine j(13).
5
Let d(g) = -2*g**3 + 12*g**2 + 11*g - 1. What is d(-1)?
2
Let r(g) = -2*g + 2. Determine r(-3).
8
Let o(g) = 5*g**2 + 13*g + 8. What is o(-5)?
68
Let h(s) = s**3 + 18*s**2 - s - 14. Calculate h(-18).
4
Let k(o) = -9*o + 46. Give k(10).
-44
Let f(w) = 5*w**2 + 18*w - 12. Calculate f(-5).
23
Let l(z) = z**2 + 6*z + 17. Give l(-9).
44
Let c(p) = p**3 - 7*p**2 + 5*p - 8. What is c(6)?
-14
Let g(i) = -i**2 + 25. What is g(-5)?
0
Let q(s) = s**3 - 5*s**2 - 3*s - 3. Give q(-3).
-66
Let m(b) = b**2 - 8*b + 5. Determine m(4).
-11
Let b(p) = -2*p**2 - 6. Calculate b(3).
-24
Let k(q) = -42*q + 38. Determine k(1).
-4
Let s(m) = 11*m - 7. Give s(-3).
-40
Let y(m) = 4*m + 1. What is y(-7)?
-27
Let b(x) = 6*x**2 - 39*x + 13. Give b(6).
-5
Let c(r) = 6*r + 372. What is c(-62)?
0
Let u(m) = m**3 - 11*m**2 - 11*m + 13. Calculate u(12).
25
Let x(b) = b**3 + 25*b**2 + 48*b + 52. What is x(-23)?
6
Let t(r) = -r**2 - 7*r + 15. Calculate t(-10).
-15
Let d(a) = 4*a**2 - 2*a + 3. Determine d(2).
15
Let x(w) = w**3 + 7*w**2 - 9*w - 3. Calculate x(-8).
5
Let q(u) = u**3 - 7*u**2 - 2*u + 14. Determine q(7).
0
Let f(s) = -8*s - 49. Calculate f(-5).
-9
Let f(v) = -v**3 + 8*v**2 - 7*v + 8. What is f(7)?
8
Let c(y) = -2*y**2 + y. Determine c(-1).
-3
Let q(x) = x**2 + 5*x - 15. Determine q(-6).
-9
Let d(k) = -k**2 + 10*k + 16. What is d(13)?
-23
Let m(c) = 32*c + 3. Give m(0).
3
Let o(c) = -27*c - 254. Calculate o(-9).
-11
Let k(r) = 5*r + 31. Determine k(-13).
-34
Let g(x) = -12*x + 183. Give g(16).
-9
Let y(p) = 2*p + 1. Calculate y(1).
3
Let z(u) = -u**3 + 70*u**2 - 71*u + 124. Give z(69).
-14
Let d(i) = i + 11. Give d(-4).
7
Let h(t) = -t**3 - 13*t**2 - 2*t - 5. Give h(-13).
21
Let h(d) = d**2 - 2*d + 4. Determine h(3).
7
Let f(y) = 9*y**2 - 3*y - 4. Determine f(-2).
38
Let x(h) = -6*h - 13. Give x(0).
-13
Let g(h) = h**2 + 29*h + 8. Determine g(-28).
-20
Let s(a) = a**3 - 3*a**2 + 2*a - 1. Determine s(2).
-1
Let k(v) = 6*v + 3. Determine k(-5).
-27
Let p(z) = -35*z - 7. Calculate p(-2).
63
Let k(u) = -33*u - 588. What is k(-18)?
6
Let b(z) = z**3 - 6*z**2 - z - 14. Give b(6).
-20
Let r(f) = 2*f**3 + 4*f**2 - 3*f - 1. Calculate r(-2).
5
Let g(v) = 2*v**2 + 14*v - 19. Give g(0).
-19
Let v(o) = 5*o + 17. Give v(-4).
-3
Let z(q) = -q**3 + q**2 - 7*q - 21. Give z(5).
-156
Let v(q) = -q**2 + 6*q - 6. Give v(6).
-6
Let d(z) = -2*z + 2. Calculate d(2).
-2
Let u(x) = -4*x + 1. What is u(2)?
-7
Let q(x) = x**2 + 37*x + 326. Give q(-16).
-10
Let u(c) = 9*c - 193. Determine u(22).
5
Let b(j) = j**3 - 14*j**2 + 26*j - 22. What is b(12)?
2
Let h(a) = a**2 + 26*a + 57. Give h(-24).
9
Let f(p) = -p**2 + p - 11. Calculate f(-6).
-53
Let o(j) = -j**3 - 2*j**2 + j - 2. Determine o(-3).
4
Let c(b) = b**2 - 72. What is c(0)?
-72
Let q(f) = 6*f + 54. Calculate q(-12).
-18
Let t(k) = -5*k**2 + 20*k + 5. What is t(4)?
5
Let y(n) = -2*n**2 + 3*n + 2. Calculate y(3).
-7
Let w(s) = -2*s + 3. Give w(-7).
17
Let q(h) = 7*h + 14. What is q(7)?
63
Let d(u) = u**2 - 8*u - 10. Give d(7).
-17
Let v(i) = -i**2 - 15*i + 182. Calculate v(8).
-2
Let z(p) = 37*p + 594. Give z(-16).
2
Let z(a) = a + 27. Give z(9).
36
Let w(z) = -2*z - 10. Give w(-9).
8
Let z(q) = -8*q**3 + q**2 - 2*q + 1. Determine z(-2).
73
Let m(u) = -u**3 + 8*u - 4. Give m(3).
-7
Let r(s) = s**3 + 20*s**2 - 19*s + 46. Determine r(-21).
4
Let q(w) = 3*w**2 + 3*w + 4. Determine q(6).
130
Let d(t) = 2*t**2 + 16*t + 21. Determine d(-6).
-3
Let w(p) = -4*p + 11. What is w(6)?
-13
Let d(s) = -3*s**2 + 25*s + 20. Give d(9).
2
Let z(c) = c**2 - 10*c - 14. Calculate z(11).
-3
Let p(b) = -14*b + 53. Give p(3).
11
Let b(t) = t**3 + 6*t**2 + 8*t + 5. Give b(-5).
-10
Let u(s) = -2*s**2 - 10*s - 17. Determine u(-4).
-9
Let a(t) = 7*t - 2. Calculate a(-2).
-16
Let a(p) = -p**2 - p + 2. What is a(-2)?
0
Let l(x) = x**2 - 8*x - 9. What is l(10)?
11
Let n(m) = -m**3 - 40*m**2 - m - 59. Calculate n(-40).
-19
Let z(m) = -m**2 + m. Calculate z(0).
0
Let r(h) = h**2 + 7*h - 1. Determine r(-5).
-11
Let a(o) = o**2 - 9*o + 9. Determine a(8).
1
Let q(l) = -l - 16. Calculate q(17).
-33
Let i(h) = h**2 - 6*h - 12. Calculate i(9).
15
Let a(y) = 5*y - 25. Determine a(5).
0
Let o(d) = -d**3 + 3*d - 70. Determine o(0).
-70
Let d(y) = -y**3 - 13*y**2 + 3*y + 9. What is d(-13)?
-30
Let v(u) = -5*u - 1. Give v(3).
-16
Let r(s) = s**3 - 5*s**2 + 2*s - 29. Determine r(6).
19
Let n(d) = 2*d - 31. Give n(13).
-5
Let x(f) = f**3 - f - 1. What is x(2)?
5
Let a(v) = -v**3 - 2*v**2 + 101*v - 24. What is a(9)?
-6
Let y(m) = m**3 + 8*m**2 + m - 10. Calculate y(-8).
-18
Let p(d) = 2*d - 27. What is p(14)?
1
Let c(d) = -d**3 - 19*d**2 + 3*d + 45. Give c(-19).
-12
Let n(g) = g**3 - 2*g**2 - 12*g + 2. Give n(-3).
-7
Let q(f) = 5*f - 1. Calculate q(-2).
-11
Let m(y) = y**2 + 14*y - 2. Determine m(-14).
-2
Let p(o) = -o**2 + 13*o + 85. Determine p(-5).
-5
Let o(b) = -b**3 + 5*b**2 - 3*b - 5. Give o(4).
-1
Let t(p) = 2*p - 20. Determine t(3).
-14
Let r(f) = f**3 - 13*f**2 + 13*f + 3. Give r(12).
15
Let g(l) = -10*l - 32. Give g(-4).
8
Let q(f) = -10*f - 15. Determine q(2).
-35
Let y(j) = -26*j + 10. What is y(-2)?
62
Let u(q) = -q + 2. Give u(0).
2
Let q(o) = o**2 + 16*o + 37. Give q(-13).
-2
Let p(y) = -y**3 - 15*y**2 - 46*y - 22. Calculate p(-11).
0
Let k(u) = -5*u**2 - 15*u + 20. Determine k(-4).
0
Let y(m) = 116*m - 1151. What is y(10)?
9
Let d(x) = 2*x**2 - 41*x - 24. Give d(21).
-3
Let s(d) = -27*d - 17. Calculate s(-1).
10
Let j(n) = n**3 - 16*n**2 + 3*n - 34. What is j(16)?
14
Let x(c) = -4*c**2 + 27*c - 3. What is x(7)?
-10
Let a(p) = p**3 - 6*p**2 + 4*p + 6. Give a(5).
1
Let p(n) = 6*n**2 - 3*n. Determine p(2).
18
Let f(r) = 7*r**2 - 4*r - 1. Give f(2).
19
Let d(w) = w**2 + 7*w - 15. Give d(5).
45
Let g(y) = -2*y**2 + 5*y - 4. What is g(5)?
-29
Let c(d) = d**3 + 11*d**2 + 8*d - 13. Determine c(-10).
7
Let g(